etermine f(-8).
129
Let s be (-10)/6 - (-2)/(-6). Let h be -2 + 4/(-1) - -8. Let w(p) = -p. Let k(r) = -r**2 - 5*r + 1. Let y(c) = h*k(c) - 11*w(c). What is y(s)?
-8
Suppose -14*a + 1117 = 1159. Let t(o) = -o**2 - o - 1. Determine t(a).
-7
Suppose 42*k - 455 = -54*k + 313. Let x(h) = 4*h**2 - 34*h + 7. Give x(k).
-9
Let u(q) = 32*q - 3. Let p = -23 + 24. Let c(j) = -p + 2 - 2 + 14*j - 3*j. Let l(g) = -11*c(g) + 4*u(g). Calculate l(-1).
-8
Let o(k) be the first derivative of k**3/3 + 4*k**2 + 4*k - 40. Let j(s) = -4*s**2 - 8. Let q be j(4). Let w = q - -66. Give o(w).
-8
Let a(y) = 9*y**2 + 20*y + 6 + 5*y - 28*y + 2*y - y**3 + 7. Give a(9).
4
Suppose 7*h + 580 = -869. Let s = h - -201. Let f(y) = 3*y + 7. Determine f(s).
-11
Let t(l) = -1 - 8*l - 13*l + 0 + 20*l + 8. Suppose s = -0*s + 9. Calculate t(s).
-2
Let k(v) = v**2 + 6*v + 2. Let o be 0 + (-23786)/(-119) + (-8)/(-68). Let m = 195 - o. Calculate k(m).
-3
Let k be 297/21 + (14/56)/(7/(-4)). Let q(x) = -x**2 + 17*x - 46. Calculate q(k).
-4
Suppose 59 = 3*n + 134. Let l be 10/n - (-17)/5. Let v(i) = -11200*i + l + 11201*i - 11. What is v(8)?
0
Let w(y) = 38 - 39 - 3*y + 8*y. Suppose 4 = -7*b + 11*b. What is w(b)?
4
Suppose 0 = -2*s + 2*w, 1248*s - 1253*s - 49 = 2*w. Let a(t) = -5*t + 24. Determine a(s).
59
Let a = 37 - 13. Suppose 3*u - 15*u = a. Let c(n) = -2*n**2 - 8*n - 5. Let z(g) = 2*g**2 + 7*g + 4. Let p(j) = 4*c(j) + 5*z(j). Give p(u).
2
Let m(b) = -2*b**2 + 3*b + 1. Suppose i - j - 13 = 4*i, -2*j - 10 = 2*i. Let z(u) = -3*u**2 + 3*u + 1. Let f(t) = i*m(t) + 3*z(t). Calculate f(-3).
-1
Let o = 58 + -56. Suppose o*v = -3*q + 6, 4*q + 1 + 2 = v. Suppose -w - 5*j = -v + 31, -w = 2*j + 13. Let p(h) = h**2 + 3*h - 3. What is p(w)?
-3
Let s = -11 + 15. Suppose 2*p - 18 = -5*i, 5*i + 10 - s = 4*p. Let n(a) be the second derivative of a**3/6 - 3*a**2/2 + 4*a. Give n(i).
-1
Let y(i) = -4 + 0*i - 3*i + 2. Let a be (-11)/((-154)/(-24)) - (-3 - (-69)/21). What is y(a)?
4
Let r be (-12)/24 + 378/4. Let p = r - 91. Let m(d) = -d + 10*d**3 + 3 - 9*d**p - 3*d**2 + 6*d**2. Determine m(-4).
-9
Let o(p) = -213 + 64 - 2*p**2 + 140 + 9*p. Suppose -w + 7*w = 36. What is o(w)?
-27
Let d be (60/(-50))/((-9)/(90/4)). Let h(x) be the second derivative of 1/2*x**d + 11*x - 3*x**2 + 0 - 1/12*x**4. Give h(4).
-10
Let n(g) be the first derivative of g**5/60 + 5*g**4/12 + g**3/3 - g**2/2 - 3*g + 2. Let r(t) be the second derivative of n(t). What is r(-11)?
13
Let p(m) = 3*m**3 - 8*m - 8. Let y be p(-1). Let u(b) = -3*b**2 + 8*b**2 + 2 + 3*b - b**3 + 2*b**3 + 0*b. Determine u(y).
11
Suppose -3*u + 2*h = -8 - 12, -u + 15 = h. Let a(d) be the third derivative of d**6/120 - 3*d**5/20 - d**4/3 + 2*d**3 + 2663*d**2. Determine a(u).
32
Let w be 35*(16/64)/((-10)/(-8)). Suppose -9*n - w*n = 176. Let i(x) = -x**2 - 11*x - 2. Calculate i(n).
-2
Let m(p) = 3*p + 29. Suppose 2*w + 4 = 4*w. Let v = -13 + w. Let k be m(v). Let c(l) = l**2 + 8*l - 1. Determine c(k).
-17
Let y(j) = 11*j**2 - 11*j - 6. Let k(i) = -24*i**2 + 24*i + 12. Let a(g) = -6*k(g) - 13*y(g). Calculate a(2).
8
Let w(f) = -3*f + 2. Let h = -104 + 87. Let d(g) = 35*g + 8. Let v(q) = 12*q + 3. Let n(u) = h*v(u) + 6*d(u). Let s(k) = -2*n(k) - 5*w(k). What is s(-3)?
-13
Let d(f) = -43*f + 53*f - 15 - 7*f. Give d(-8).
-39
Let x(g) be the third derivative of -270*g**2 + 0 + 3/8*g**4 + 1/6*g**3 + 0*g + 1/60*g**5. Determine x(-6).
-17
Let f(a) = 83 + 52 - 141 - a. Give f(-2).
-4
Suppose 33 = -4*w + 69. Let u be 6*(4 - 30/w). Let l(m) = 2*m + 3*m - u*m - 3*m - 1. Calculate l(1).
-3
Let k = 2841 - 2855. Let o(u) = u**3 + 15*u**2 + 13*u + 11. Determine o(k).
25
Let p = -107 + 54. Let y = p + 51. Let l(u) = u**3 + 4*u**2 - u. What is l(y)?
10
Let l(d) = -d**3 - 15*d**2 - 17*d + 34. Let y(p) = -p**3 - 15*p**2 - 16*p + 35. Let f(w) = -5*l(w) + 6*y(w). Let g be f(-14). Let v(j) = -j - 1. Determine v(g).
1
Let j(f) be the second derivative of f**6/360 + f**5/15 + f**4/3 - 19*f**3/3 - f**2 - 77*f. Let q(k) be the second derivative of j(k). What is q(-6)?
-4
Let u(o) = -41*o**3. Suppose 0 = 57*b - 58*b - 5*r + 4, -r - 3 = 4*b. Calculate u(b).
41
Let w(x) = 253 + 265*x + x**2 + 130 + 67 - 450*x + 228*x. What is w(-26)?
8
Let h(j) = 4*j + 6. Let r(n) = -8*n - 3. Let o(p) = -15*p - 6. Let u(l) = 6*o(l) - 11*r(l). Let c(a) = -h(a) - u(a). Give c(-6).
9
Let l = -201 + 202. Let t be (6 + 4 + -9)/(l/(-7)). Let x(p) = -p**2 - 10*p - 8. Give x(t).
13
Suppose 0 = 23*l - 28 - 18. Let u(o) = o + 3*o**2 + 39*o**3 + 125 - 2*o**l - 7*o**3 - 67 - 59. Calculate u(1).
33
Let k(h) = -4*h**3 - h**2 - 4*h. Let j be k(-1). Let s(w) be the first derivative of -w**3/3 + 7*w**2/2 + w - 5. Give s(j).
1
Let u be ((-22)/(-3))/((-2)/(-6)). Suppose -u + 24 = 2*c. Let d(n) = -n + 1. Let o(i) = 2*i - 7. Let q(z) = c*d(z) + o(z). What is q(7)?
1
Let f be (-4)/8 + 333/18. Suppose 0*h - 2*h = -c - 6, -2*h + 4*c = -f. Let z(y) = -2*y**2 + y. What is z(h)?
-1
Let p(h) = h - 7. Suppose 6*a + 4*a = 20. Suppose -14 + 2 = 4*z - u, a*z = u - 4. Let m(b) = 2*b**2 + 8*b. Let w be m(z). Determine p(w).
-7
Let s be (-1 - 1) + (-43 - 6)/7. Let x be (2/s - 11/(-9))*-10. Let a(w) = -w**3 - 14 + 3*w - 9*w**2 + w + 4*w. Determine a(x).
6
Let v be (-16)/56 + (-12)/7 + 0. Let p(y) = 4*y + 11. Let w(l) = 5*l + 12. Let s(q) = v*w(q) + 3*p(q). Give s(-8).
-7
Suppose -4*r = -12, -3*k - 3*r - 16 = -8*k. Let j(v) be the first derivative of -3*v**2/2 + v + 147. Let p(i) = i. Let d(c) = j(c) + 4*p(c). Calculate d(k).
6
Let j(v) = v**2 + v. Let x(i) be the second derivative of 5*i**4/12 - i**3/3 + i**2 - 2*i + 7. Let a(w) = -6*j(w) + x(w). Determine a(-8).
2
Let z be (-264)/60 + (12/5 - 2). Suppose -2*h + 8*h = 24. Let l(t) = h - 3*t + 0 + 0 - 9. Determine l(z).
7
Suppose -2*n + 22 = -n - 5*h, n = -4*h - 14. Let j(o) = 3*o - 9. Let w be j(3). Let u(y) = -2*y + w*y**2 - 2*y - y**n - 2*y. What is u(-3)?
9
Let w be 1*(-496)/96 - (-10)/(-12). Let q(z) = -7*z - 13. What is q(w)?
29
Let r(t) be the third derivative of t**7/504 - t**6/180 - t**5/4 - t**2. Let v(f) be the third derivative of r(f). Let u be v(1). Let i(n) = -n. What is i(u)?
-6
Suppose -2*f = -u - 69, 2*f - u - 81 = -4*u. Let g = f - 34. Let b(h) = h - h**2 + 1 + 3*h - 2*h. What is b(g)?
1
Suppose 381*a = 478*a + 776. Let w(y) = y**3 + 9*y**2 + 14*y + 35. Give w(a).
-13
Let b(n) = 5 - 182*n - 185*n + 548*n - 179*n. Suppose w + w - 4 = 0. Let q be w/(-4) + 9/(-2). Determine b(q).
-5
Let a be (10 + (-1005)/100)/((-1)/((-2)/(-3))). Let m(t) be the third derivative of 0*t**4 - 1/120*t**6 + 0*t - 8*t**2 - 1/6*t**3 - a*t**5 + 0. Determine m(-3).
8
Let x(v) = 383*v - 10333. Let q be x(27). Let m(z) = -3*z**2 + 5*z - 9. Let n(j) = 13*j**2 - 19*j + 37. Let o(b) = -9*m(b) - 2*n(b). Give o(q).
15
Let h(j) be the second derivative of 0 + 1/2*j**2 + 1/6*j**3 + 36*j. Let v(y) = -y**2 + 10*y + 9. Let i(p) = 4*h(p) - v(p). Determine i(8).
11
Let y(a) = -7*a + 331. Let j be y(46). Let g(m) = 3*m**2 + 2*m - m**3 - 5*m**2 - 12 + 7*m**2 + m**2 - j*m**2. Calculate g(-4).
-4
Let z(u) = 2*u**3 - 47 + 2*u**2 - 24*u**2 - 3710*u + 3712*u - u**3. Give z(22).
-3
Let f(a) be the second derivative of -a**6/72 + a**5/120 - a**4/6 + 9*a**2/2 + 2*a - 5. Let w(i) be the third derivative of f(i). Give w(2).
-19
Let l(r) = r**2 + 10*r + 7. Let q be l(-6). Let u(d) = d**3 + 11*d**2 - 17*d + 32. Let x(m) = -m**2 + 6. Let z(g) = u(g) - 5*x(g). Give z(q).
2
Let a(x) = 600*x + 65. Let b(n) = 37*n + 4. Let o(g) = -4*a(g) + 65*b(g). What is o(0)?
0
Let w(o) = -17*o + 2*o**2 + o**2 - 2325 - 4*o**2 + 2296 + 5*o. Give w(-6).
7
Suppose -314*x = -310*x - 8. Let c(j) = 3*j - 2*j**2 + 4*j + 1 - 5*j + 3*j**x. Give c(-3).
4
Let p(o) = -o**2 - 5*o - 5. Suppose 38*x + 196 = 69 + 51. Determine p(x).
1
Let y(v) be the first derivative of -v**4/4 + v**2/2 + 3*v + 1757. Determine y(-2).
9
Let o(w) = 11*w + 6. Let c(z) = -118*z + 225*z - 8 - 116*z. Let y(q) = 6*c(q) + 5*o(q). Determine y(0).
-18
Suppose -4*w = 4*o + 76, -215*w + 217*w + 51 = -3*o. Let h(b) = -b - 34. Determine h(o).
-21
Let r(l) = -l**3 - 6*l**2 + 8*l + 9. Let p(x) = 4*x - 9*x - 2*x - 9 + 10 - 11*x + 4*x**2. Let q be p(4). Determine r(q).
2
Let u = -5 - -1. Let y = u + 11. Let g(b) = 2*b - 7*b**2 - 2*b - 4 + b - 254032*b**3 + 254033*b**3. Calculate g(y).
3
Let p(g) =